2*q + 11 = -3*l + 3*q. Let i(p) = 2*p**3 - 6*p**2 - 6*p - 7. Let h be i(4). What is the greatest common factor of l and h?
1
Suppose 5*c = -3*x + 94, 0 = -2*c - 4*x + 2 + 30. Calculate the greatest common factor of c and 180.
20
Suppose r - 8 = 23. Calculate the greatest common divisor of 62 and r.
31
Let o(k) = k**3 + 6*k**2 + 2*k + 4. Let f be o(-4). Calculate the highest common factor of f and 14.
14
Let h(m) = 3*m**2 + 7*m - 6. Let g be h(-6). Let z = 8 + -3. Suppose 2*c - z*c = -72. Calculate the highest common divisor of g and c.
12
Let v = 64 - 63. What is the highest common factor of 9 and v?
1
Let c be (8/(-3))/(10/(-45)). Suppose -2*o - 8 = -j - 5*o, -3*j - 2*o = -24. What is the highest common factor of j and c?
4
Let u(h) = h**3 - 4*h**2 + 4*h + 1. Let x be u(2). Calculate the highest common factor of 4 and x.
1
Suppose -32 = -5*m + 248. Calculate the highest common factor of m and 8.
8
Let c be 0*2/(-4)*1. Suppose c = -0*b - 3*b + 9. Suppose -4 + 10 = 2*t, -2*g = -t - 3. What is the highest common factor of g and b?
3
Suppose 15*k - 10*k = 40. Let z = 158 + -86. Calculate the highest common divisor of z and k.
8
Suppose 3*s + s = 0. Suppose 0 = 3*o - 7 - 5. Suppose s = r - o*r + 102. Calculate the highest common factor of r and 51.
17
Let t = 7 - 7. Suppose 3*j - 25 - 5 = t. Calculate the greatest common factor of j and 50.
10
Suppose -7 = -y + 4. Calculate the greatest common factor of y and 121.
11
Let b = 36 - 24. Let y(z) = -z + 4. Let c be (-76)/10 + 6/(-15). Let t be y(c). Calculate the highest common factor of t and b.
12
Suppose 2*g = 4*q - 46 - 24, -3*g + 21 = q. Let a = 3 + -1. What is the greatest common factor of q and a?
2
Suppose -5*u = -u - 8. Suppose 3*y = -3*l + 6, 5*y + l - 3 = 3. What is the highest common factor of y and u?
1
Suppose 0 = 3*r - 0*r - 30. What is the highest common divisor of r and 15?
5
Let h = 16 + -7. Suppose 4*l = -8, -2*l - l = 3*i - 291. What is the greatest common factor of h and i?
9
Let d = 1 - 0. Let v(o) = 2*o**3 - o + 1. Let h be v(d). Let m(k) = -2*k - 4. Let t be m(-5). Calculate the greatest common factor of t and h.
2
Let h = 25 + -4. Suppose -4*q + 27 = g - 0*g, 4*q - g = h. Let d(b) = b + 12. Let r be d(0). Calculate the greatest common divisor of q and r.
6
Let x(u) = -u + 1. Let a be (6/12)/((-2)/(-4)). Let g(v) = -14*v + 5. Let w(i) = a*g(i) - 3*x(i). Let q be w(-2). What is the greatest common factor of 3 and q?
3
Suppose 0 = 3*z + 2*i - 555, 0*i - 2*i + 368 = 2*z. Calculate the greatest common divisor of z and 11.
11
Let j be 3 + 0 + 1 + 19 + 5. What is the greatest common divisor of 49 and j?
7
Let x be (1*-1)/((-1)/(-2)). Let z(l) = -l**2 - 2*l + 1. Let d be z(x). Suppose 32 = 4*f - 0. What is the greatest common divisor of f and d?
1
Let h(j) = -j**3 - 15*j**2 + 16*j + 15. Let m = -37 + 21. Let t be h(m). What is the greatest common divisor of 165 and t?
15
Let y(w) = -w**3 - 9*w**2 - 6*w - 10. Let i = -4 + -5. Let o be y(i). Calculate the greatest common factor of 11 and o.
11
Let a = -7 + 12. Suppose -a*i + 15 = -55. What is the highest common divisor of i and 14?
14
Suppose -2*a = 2*a - 84. What is the highest common factor of a and 42?
21
Suppose 8 + 97 = 7*z. Calculate the highest common divisor of z and 120.
15
Let y be (21/(-14))/((-1)/2). Calculate the highest common factor of y and 24.
3
Let h(j) = -j**3 - 6*j**2 - 5*j - 2. Let v be h(-5). Let m(b) = -b**3 - b**2 - 2*b - 2. Let x be m(v). Calculate the highest common factor of x and 15.
3
Suppose 3*c + 0*f - 86 = -f, f + 26 = c. Calculate the highest common divisor of c and 21.
7
Let g(n) = -n**2 + 10*n + 28. Let r be g(12). Calculate the greatest common divisor of 44 and r.
4
Let o = -23 + 29. Let r be 1*4/(-2) - -33. Let l = r - 7. Calculate the greatest common divisor of l and o.
6
Let f(r) = 12*r**2 + 2*r. Let i be f(2). Suppose -5*j = u - 52, 4*j + i = -0*u + u. Calculate the highest common factor of u and 130.
26
Suppose 5*b = 3*g + g + 122, 3*b = 5*g + 81. Calculate the highest common divisor of b and 88.
22
Let w(r) = -2*r - 22. Let s be w(-16). Calculate the greatest common divisor of s and 70.
10
Let u(i) = -i + 1. Let y be u(-1). Let w(z) = z**3 + 9*z**2 + 10. Let c be w(-9). Calculate the greatest common divisor of y and c.
2
Let q(a) = 2*a + 1. Let c(u) = 5*u + 2. Let v(b) = -3*c(b) + 7*q(b). Let n be v(-3). What is the greatest common factor of n and 6?
2
Let n be (-1)/(-2) + (-23)/(-2). Let u = n - -16. What is the greatest common divisor of 224 and u?
28
Let u be (-31)/((-21)/(-35) + (-8)/10). Calculate the greatest common factor of u and 31.
31
Let o(s) = s**3 - 6*s**2 + 5*s + 7. Let k be o(6). Suppose -1 + k = 3*w. Calculate the greatest common factor of w and 120.
12
Let b(u) = -143*u**3 - u. Let m be b(-1). Suppose -2*y = 0, -y - 2*y = -i + 16. Calculate the highest common factor of m and i.
16
Let g = 58 + -45. What is the highest common factor of 39 and g?
13
Suppose 0 = -3*f + 5*q + 43, -q = -f - f + 24. Suppose 198 = 2*c - 3*s, -4*c + 396 = -s + 3*s. Calculate the highest common factor of f and c.
11
Let v(t) = 7*t + 8. Let x be -3 - 9/(3 + 0). Let o be v(x). Let q = o + 49. What is the greatest common divisor of 30 and q?
15
Let o = 57 - 12. Suppose 3*s = 3*w - 12, -1 + 8 = -s + 2*w. Let c be 13 - (-1 - (0 - s)). What is the greatest common factor of o and c?
15
Let y(h) = -44*h**3 - 3*h - 2. Let i be y(-1). What is the highest common factor of i and 9?
9
Let a(p) = -p**2 + 7*p - 4. Let f be a(6). Suppose 0 = -2*w + d + 6, -3*d + 26 = f*w + d. Suppose 2*b - 15 = b. What is the highest common divisor of b and w?
5
Let i = 0 + -2. Let k be i/((-4)/10) - 1. Suppose 5*q = j + 26, k + 16 = 5*j. Calculate the highest common factor of 2 and q.
2
Suppose -4*f - j + 43 = 3, 0 = -3*j + 12. Let w be ((-48)/(-5))/(f/120). Calculate the greatest common divisor of w and 16.
16
Let f = 104 - 19. What is the highest common factor of 34 and f?
17
Let g be (27/15 - 3)/((-6)/260). Calculate the highest common factor of g and 4.
4
Let g = 34 - 25. What is the highest common factor of 1 and g?
1
Let x = 34 + -22. What is the highest common divisor of 3 and x?
3
Let k be 3 + 106 + 2 + -1. Suppose -3*y + 26 = -y - 4*p, 5*p = 5*y - 60. What is the greatest common divisor of y and k?
11
Let t be 3*10*(-6)/(-4). Let i = -2 + 2. Suppose -2*r + 28 + 32 = i. Calculate the highest common divisor of r and t.
15
Let k be 1625/35 + (-6)/14. Calculate the greatest common divisor of 69 and k.
23
Let t be 10/(-275)*-11 - 88/(-5). What is the greatest common divisor of 36 and t?
18
Let g be 0 + (-16 + -1)*-1. Let q(c) = -c**2 + 7*c + 3. Let t be q(6). Let d be (-2424)/(-18) + 12/t. What is the greatest common divisor of d and g?
17
Let x be (-3)/(-12) + 251/4. Calculate the highest common divisor of 9 and x.
9
Suppose 4 = -2*v - 0. Suppose 4*a + 3*r - 71 = 0, -5*a = -r - 4*r - 115. Let b = a + v. What is the highest common divisor of b and 45?
9
Let m(l) = l**3 - 6*l**2 - 7*l + 10. Let u be m(7). Let k(r) = 62*r - 2 + u*r + 1. Let a be k(2). What is the highest common factor of a and 13?
13
Let c(j) = j**2 + 4*j - 3. Let b be c(-5). Let r(w) = -w**2 - 5*w - 4. Let k be r(-4). Suppose k = -3*z + z + 44. What is the greatest common factor of z and b?
2
Let p(n) = 7*n**2 - 9*n. Let x be p(6). Calculate the highest common factor of 18 and x.
18
Suppose 0 = 5*g - 36 + 11. Let k = g - 5. Suppose -100 = -5*n - k*n. Calculate the highest common divisor of 5 and n.
5
Suppose -k + 6 = -10. Let o be ((-8)/(-10))/((-2)/10). Let u be k/4*(-17)/o. Calculate the greatest common divisor of u and 136.
17
Let s(h) = -h**2 - 10*h + 6. Let y be s(-10). Calculate the greatest common factor of 9 and y.
3
Suppose 0 = 2*v + v - 6. Suppose 0 = -5*j - 0 + 5. Let g = j + v. What is the greatest common divisor of 1 and g?
1
Let r be 20/((-8)/(-2)) + 0. Suppose -5*y - 2*m = -12 + 158, m - 137 = 5*y. Let p = y + 58. What is the highest common factor of p and r?
5
Suppose 2*h + 10 = o + 137, -2*o + 180 = 3*h. Calculate the highest common factor of h and 93.
31
Let n = -25 - -19. Let v = 12 + n. Calculate the greatest common factor of v and 24.
6
Suppose 67*h = 60*h + 7. Calculate the greatest common factor of 9 and h.
1
Let u be 2/(-1) + (-1 - -4). 